{"id":558,"date":"2022-10-04T13:04:42","date_gmt":"2022-10-04T11:04:42","guid":{"rendered":"https:\/\/www.lesch24.de\/web\/?page_id=558"},"modified":"2024-10-05T13:13:49","modified_gmt":"2024-10-05T11:13:49","slug":"unternehmen","status":"publish","type":"page","link":"https:\/\/www.lesch24.de\/web\/unternehmen\/","title":{"rendered":"Unternehmen"},"content":{"rendered":"\n<div class=\"wp-block-cover alignfull is-light is-style-default\" style=\"min-height:800px;aspect-ratio:unset;\"><span aria-hidden=\"true\" class=\"wp-block-cover__background has-background-dim-60 has-background-dim\" style=\"background-color:#8f98a5\"><\/span><img loading=\"lazy\" decoding=\"async\" width=\"1500\" height=\"1001\" class=\"wp-block-cover__image-background wp-image-1254\" alt=\"\" src=\"https:\/\/www.lesch24.de\/web\/wp-content\/uploads\/2024\/10\/DSC_5360-Kopie-3-Kopie.jpg-offizel-mit-mir-2.jpg\" style=\"object-position:60% 45%\" data-object-fit=\"cover\" data-object-position=\"60% 45%\" sizes=\"(max-width: 799px) 200vw,(max-width: 1500px) 100vw,1500px\" srcset=\"https:\/\/www.lesch24.de\/web\/wp-content\/uploads\/2024\/10\/DSC_5360-Kopie-3-Kopie.jpg-offizel-mit-mir-2.jpg 1500w, https:\/\/www.lesch24.de\/web\/wp-content\/uploads\/2024\/10\/DSC_5360-Kopie-3-Kopie.jpg-offizel-mit-mir-2-300x200.jpg 300w, https:\/\/www.lesch24.de\/web\/wp-content\/uploads\/2024\/10\/DSC_5360-Kopie-3-Kopie.jpg-offizel-mit-mir-2-1024x683.jpg 1024w, https:\/\/www.lesch24.de\/web\/wp-content\/uploads\/2024\/10\/DSC_5360-Kopie-3-Kopie.jpg-offizel-mit-mir-2-768x513.jpg 768w\" \/><div class=\"wp-block-cover__inner-container is-layout-flow wp-block-cover-is-layout-flow\">\n<h2 class=\"wp-block-heading alignwide has-text-align-left has-text-color has-huge-font-size\" style=\"color:#ffe074\">Unternehmen<\/h2>\n\n\n\n<div class=\"wp-block-columns is-style-twentytwentyone-columns-overlap is-layout-flex wp-container-core-columns-is-layout-2 wp-block-columns-is-layout-flex\">\n<div class=\"wp-block-column is-layout-flow wp-block-column-is-layout-flow\" style=\"--col-width:100%;flex-basis:100%\">\n<div class=\"wp-block-columns is-layout-flex wp-container-core-columns-is-layout-1 wp-block-columns-is-layout-flex\">\n<div class=\"wp-block-column is-layout-flow wp-block-column-is-layout-flow\" style=\"--col-width:100%;--col-width:100%;flex-basis:100%\">\n<h2 class=\"wp-block-heading\">Raimund Lesch KG &#8211; Tradition im Illtal<\/h2>\n<\/div>\n<\/div>\n\n\n\n<p class=\"has-text-color\" style=\"color:#ffe074\">Tradition im Saarland &#8211; Raimund Lesch KG<\/p>\n<\/div>\n<\/div>\n<\/div><\/div>\n\n\n\n<p>Raimund Lesch KG &#8211; Ihr zuverl\u00e4ssiger Partner seit \u00fcber&nbsp;80 Jahren. Egal ob Baustoffe, Heiz\u00f6l oder Containerdienste: alles f\u00fcr Haus, Hof und Garten aus einer Hand und das schon seit 1937.<\/p>\n\n\n\n<h2 class=\"wp-block-heading\">Raimund Lesch KG <\/h2>\n\n\n\n<h3 class=\"wp-block-heading\">Ihr Fachh\u00e4ndler rund ums Haus im Illtal<\/h3>\n\n\n\n<ul>\n<li><strong>1937&nbsp;<\/strong>machte Arnold Lesch&nbsp;den ersten Schritt und er\u00f6ffnet ein Transportunternehmen im Illtal<\/li>\n\n\n\n<li><strong>1950<\/strong>&nbsp;werden die ersten Baustoffe verkauft<\/li>\n\n\n\n<li><strong>1955<\/strong>&nbsp;wird erstmals Heiz\u00f6l ausgeliefert<\/li>\n\n\n\n<li><strong>1960<\/strong>&nbsp;unter Raimund Lesch wechselt das Unternehmen ins Zentrum von Uchtelfangen<\/li>\n\n\n\n<li><strong>1969\u00a0<\/strong>wurde diese Fl\u00e4che von der Gemeinde Illingen f\u00fcr eine Sport- &amp; Kulturhalle vorgesehen. Auf Wunsch der Gemeinde Illingen verlagerten wir unser Unternehmen in die Ottweilerstr.\u00a0auf die gr\u00fcne Wiese (auf\u00b4s Chaussee).\u00a0Anfang\u00a070er Jahre entstand\u00a0Halle &amp; Au\u00dfenlager.<\/li>\n\n\n\n<li><strong>1980<\/strong>&nbsp;wird der Containerdienst als weiterer Gesch\u00e4ftszweig erfolgreich in das Unternehmen integriert<\/li>\n\n\n\n<li><strong>2005<\/strong>&nbsp;\u00fcbernimmt Alexander Lesch die Leitung der Raimund Lesch KG und integriert den Gesch\u00e4ftszweig Gartenbau in das Unternehmen<\/li>\n\n\n\n<li><strong>2006<\/strong>&nbsp;wurde der geplante Baufachmarkt er\u00f6ffnet<\/li>\n\n\n\n<li><strong>2008<\/strong>&nbsp;Anschlu\u00df in die Einkaufsorganisation Baustoff-Union und Baustoffring<\/li>\n\n\n\n<li><strong>2009&nbsp;<\/strong>Zertifizierung zum Entsorgungsfachbetrieb f\u00fcr Einsammeln, Bef\u00f6rdern &amp; Lagern<\/li>\n\n\n\n<li><strong>2009<\/strong>&nbsp;Stra\u00dfenbau, Natur- und Verbundsteinarbeiten wurden&nbsp;im Garten- u. Landschaftsbau integriert.<\/li>\n\n\n\n<li><strong>2010&nbsp;<\/strong>haben wir als einzigstes Unternehmen&nbsp;in unseren Gesch\u00e4ftsfeldern&nbsp;erfolgreich&nbsp;die Durchf\u00fchrung&nbsp;und&nbsp;Zertifizierung&nbsp; nach EMAS (Umweltmanagement)&nbsp;&nbsp;abgeschlossen.&nbsp;EMAS ist weltweit das&nbsp;<strong>anspruchsvollste System<\/strong>&nbsp;f\u00fcr&nbsp;<a href=\"https:\/\/www.emas.de\/ueber-emas\/\"><strong>nachhaltiges<\/strong><\/a>&nbsp;Umweltmanagement.&nbsp;<\/li>\n\n\n\n<li><strong>2011<\/strong>&nbsp;Gr\u00fcndung der Tochterfirma LeMoba GmbH &amp; Co.KG f\u00fcr Tief- und Stra\u00dfenbauarbeiten&nbsp;<\/li>\n\n\n\n<li><strong>2012<\/strong>&nbsp;Revalidierung EMAS<\/li>\n\n\n\n<li><strong>Seit 2014<\/strong>&nbsp;bieten wir neben Heiz\u00f6l, Festbrennstoffe nun auch ERDGAS an&nbsp;<\/li>\n\n\n\n<li><strong>2016<\/strong>&nbsp;Revalidierung EMAS<\/li>\n\n\n\n<li><strong>2017<\/strong>\u00a0wird der Bereich Containerdienst erweitert, neben Absetzcontainer werden nun auch Abrollcontainer angeboten<\/li>\n\n\n\n<li><strong>2024 <\/strong>Neu im Angebot &#8211; Fertigbeton ab Lager f\u00fcr Kleinmengen ab 150ltr <\/li>\n<\/ul>\n\n\n\n<figure class=\"wp-block-gallery has-nested-images columns-default is-cropped wp-block-gallery-1 is-layout-flex wp-block-gallery-is-layout-flex\">\n<figure class=\"wp-block-image size-large is-style-default\"><img loading=\"lazy\" decoding=\"async\" width=\"1024\" height=\"708\" data-id=\"1289\" src=\"https:\/\/www.lesch24.de\/web\/wp-content\/uploads\/2024\/10\/Luftaufnahme-Lager-frueher_Zeitstempel-1024x708.jpg\" alt=\"\" class=\"wp-image-1289\" srcset=\"https:\/\/www.lesch24.de\/web\/wp-content\/uploads\/2024\/10\/Luftaufnahme-Lager-frueher_Zeitstempel-1024x708.jpg 1024w, https:\/\/www.lesch24.de\/web\/wp-content\/uploads\/2024\/10\/Luftaufnahme-Lager-frueher_Zeitstempel-300x207.jpg 300w, https:\/\/www.lesch24.de\/web\/wp-content\/uploads\/2024\/10\/Luftaufnahme-Lager-frueher_Zeitstempel-768x531.jpg 768w, https:\/\/www.lesch24.de\/web\/wp-content\/uploads\/2024\/10\/Luftaufnahme-Lager-frueher_Zeitstempel.jpg 1314w\" sizes=\"(max-width: 1024px) 100vw, 1024px\" \/><\/figure>\n\n\n\n<figure class=\"wp-block-image size-large is-style-default\"><img loading=\"lazy\" decoding=\"async\" width=\"1024\" height=\"611\" data-id=\"1290\" src=\"https:\/\/www.lesch24.de\/web\/wp-content\/uploads\/2024\/10\/Luftaufnahme-Lager_Zeitstempel-1024x611.jpg\" alt=\"\" class=\"wp-image-1290\" srcset=\"https:\/\/www.lesch24.de\/web\/wp-content\/uploads\/2024\/10\/Luftaufnahme-Lager_Zeitstempel-1024x611.jpg 1024w, https:\/\/www.lesch24.de\/web\/wp-content\/uploads\/2024\/10\/Luftaufnahme-Lager_Zeitstempel-300x179.jpg 300w, https:\/\/www.lesch24.de\/web\/wp-content\/uploads\/2024\/10\/Luftaufnahme-Lager_Zeitstempel-768x458.jpg 768w, https:\/\/www.lesch24.de\/web\/wp-content\/uploads\/2024\/10\/Luftaufnahme-Lager_Zeitstempel-1536x916.jpg 1536w, https:\/\/www.lesch24.de\/web\/wp-content\/uploads\/2024\/10\/Luftaufnahme-Lager_Zeitstempel-1568x935.jpg 1568w, https:\/\/www.lesch24.de\/web\/wp-content\/uploads\/2024\/10\/Luftaufnahme-Lager_Zeitstempel.jpg 1834w\" sizes=\"(max-width: 1024px) 100vw, 1024px\" \/><\/figure>\n<\/figure>\n\n\n\n<div class=\"wp-block-cover alignfull is-style-default\" style=\"min-height:800px;aspect-ratio:unset;\"><span aria-hidden=\"true\" class=\"wp-block-cover__background has-background-dim-60 has-background-dim\"><\/span><img loading=\"lazy\" decoding=\"async\" width=\"640\" height=\"427\" class=\"wp-block-cover__image-background wp-image-86\" alt=\"\" src=\"https:\/\/www.lesch24.de\/web\/wp-content\/uploads\/2021\/11\/Unternehmen-Lesch_3.jpg\" data-object-fit=\"cover\" sizes=\"(max-width: 799px) 200vw,(max-width: 640px) 100vw,640px\" srcset=\"https:\/\/www.lesch24.de\/web\/wp-content\/uploads\/2021\/11\/Unternehmen-Lesch_3.jpg 640w, https:\/\/www.lesch24.de\/web\/wp-content\/uploads\/2021\/11\/Unternehmen-Lesch_3-600x400.jpg 600w, https:\/\/www.lesch24.de\/web\/wp-content\/uploads\/2021\/11\/Unternehmen-Lesch_3-300x200.jpg 300w\" \/><div class=\"wp-block-cover__inner-container is-layout-flow wp-block-cover-is-layout-flow\">\n<h2 class=\"wp-block-heading alignwide has-text-align-left has-text-color has-huge-font-size\" style=\"color:#ffe074\">Tradition &amp; Geschichte<\/h2>\n\n\n\n<div class=\"wp-block-columns is-style-twentytwentyone-columns-overlap is-layout-flex wp-container-core-columns-is-layout-4 wp-block-columns-is-layout-flex\">\n<div class=\"wp-block-column is-layout-flow wp-block-column-is-layout-flow\" style=\"--col-width:100%;flex-basis:100%\">\n<div class=\"wp-block-columns is-layout-flex wp-container-core-columns-is-layout-3 wp-block-columns-is-layout-flex\">\n<div class=\"wp-block-column is-layout-flow wp-block-column-is-layout-flow\" style=\"--col-width:100%;--col-width:100%;flex-basis:100%\">\n<h2 class=\"wp-block-heading\">Raimund Lesch KG &#8211; Ein zuverl\u00e4ssiger Partner seit \u00fcber\u00a085 Jahren.<\/h2>\n<\/div>\n<\/div>\n\n\n\n<p class=\"has-text-color\" style=\"color:#ffe074\">Historische Unternehmen im Saarland &#8211; Raimund Lesch KG<\/p>\n<\/div>\n<\/div>\n<\/div><\/div>\n","protected":false},"excerpt":{"rendered":"<p>Raimund Lesch KG &#8211; Ihr zuverl\u00e4ssiger Partner seit \u00fcber&nbsp;80 Jahren. Egal ob Baustoffe, Heiz\u00f6l oder Containerdienste: alles f\u00fcr Haus, Hof und Garten aus einer Hand und das schon seit 1937. Raimund Lesch KG Ihr Fachh\u00e4ndler rund ums Haus im Illtal<\/p>\n","protected":false},"author":1,"featured_media":0,"parent":0,"menu_order":0,"comment_status":"closed","ping_status":"closed","template":"tw-no-title.php","meta":{"footnotes":""},"_links":{"self":[{"href":"https:\/\/www.lesch24.de\/web\/wp-json\/wp\/v2\/pages\/558"}],"collection":[{"href":"https:\/\/www.lesch24.de\/web\/wp-json\/wp\/v2\/pages"}],"about":[{"href":"https:\/\/www.lesch24.de\/web\/wp-json\/wp\/v2\/types\/page"}],"author":[{"embeddable":true,"href":"https:\/\/www.lesch24.de\/web\/wp-json\/wp\/v2\/users\/1"}],"replies":[{"embeddable":true,"href":"https:\/\/www.lesch24.de\/web\/wp-json\/wp\/v2\/comments?post=558"}],"version-history":[{"count":9,"href":"https:\/\/www.lesch24.de\/web\/wp-json\/wp\/v2\/pages\/558\/revisions"}],"predecessor-version":[{"id":1291,"href":"https:\/\/www.lesch24.de\/web\/wp-json\/wp\/v2\/pages\/558\/revisions\/1291"}],"wp:attachment":[{"href":"https:\/\/www.lesch24.de\/web\/wp-json\/wp\/v2\/media?parent=558"}],"curies":[{"name":"wp","href":"https:\/\/api.w.org\/{rel}","templated":true}]}}