{"id":537,"date":"2022-10-04T12:46:53","date_gmt":"2022-10-04T10:46:53","guid":{"rendered":"https:\/\/www.lesch24.de\/web\/?page_id=537"},"modified":"2023-01-27T08:35:15","modified_gmt":"2023-01-27T07:35:15","slug":"scharniere-beschlaege","status":"publish","type":"page","link":"https:\/\/www.lesch24.de\/web\/scharniere-beschlaege\/","title":{"rendered":"Scharniere &amp; Beschl\u00e4ge"},"content":{"rendered":"\n<div class=\"wp-block-cover alignfull is-style-default\" style=\"min-height:800px;aspect-ratio:unset;\"><span aria-hidden=\"true\" class=\"wp-block-cover__background has-background-dim-60 has-background-dim\"><\/span><img loading=\"lazy\" decoding=\"async\" width=\"1920\" height=\"1354\" class=\"wp-block-cover__image-background wp-image-1054\" alt=\"\" src=\"https:\/\/www.lesch24.de\/web\/wp-content\/uploads\/2023\/01\/door-g2b9a9a94a_1920.jpg\" data-object-fit=\"cover\" sizes=\"(max-width: 799px) 200vw,(max-width: 1920px) 100vw,1920px\" srcset=\"https:\/\/www.lesch24.de\/web\/wp-content\/uploads\/2023\/01\/door-g2b9a9a94a_1920.jpg 1920w, https:\/\/www.lesch24.de\/web\/wp-content\/uploads\/2023\/01\/door-g2b9a9a94a_1920-300x212.jpg 300w, https:\/\/www.lesch24.de\/web\/wp-content\/uploads\/2023\/01\/door-g2b9a9a94a_1920-1024x722.jpg 1024w, https:\/\/www.lesch24.de\/web\/wp-content\/uploads\/2023\/01\/door-g2b9a9a94a_1920-768x542.jpg 768w, https:\/\/www.lesch24.de\/web\/wp-content\/uploads\/2023\/01\/door-g2b9a9a94a_1920-1536x1083.jpg 1536w, https:\/\/www.lesch24.de\/web\/wp-content\/uploads\/2023\/01\/door-g2b9a9a94a_1920-1568x1106.jpg 1568w, https:\/\/www.lesch24.de\/web\/wp-content\/uploads\/2023\/01\/door-g2b9a9a94a_1920-600x423.jpg 600w\" \/><div class=\"wp-block-cover__inner-container is-layout-flow wp-block-cover-is-layout-flow\">\n<h2 class=\"alignwide has-text-align-left has-text-color has-huge-font-size wp-block-heading\" style=\"color:#ffe074\">Scharniere &amp; Beschl\u00e4ge<\/h2>\n\n\n\n<div class=\"wp-block-columns is-style-twentytwentyone-columns-overlap is-layout-flex wp-container-core-columns-is-layout-2 wp-block-columns-is-layout-flex\">\n<div class=\"wp-block-column is-layout-flow wp-block-column-is-layout-flow\" style=\"--col-width:100%;flex-basis:100%\">\n<div class=\"wp-block-columns is-layout-flex wp-container-core-columns-is-layout-1 wp-block-columns-is-layout-flex\">\n<div class=\"wp-block-column is-layout-flow wp-block-column-is-layout-flow\" style=\"--col-width:100%;--col-width:100%;flex-basis:100%\">\n<h2 class=\"wp-block-heading\">Durchst\u00f6bern Sie unsere Eisenwaren.<\/h2>\n<\/div>\n<\/div>\n\n\n\n<p class=\"has-text-color\" style=\"color:#ffe074\">Eisenwaren im Saarland &#8211; Raimund Lesch KG<\/p>\n<\/div>\n<\/div>\n<\/div><\/div>\n\n\n\n<p>Wir f\u00fchren ein breit gef\u00e4chertes Sortiment an Eisenwaren und Beschl\u00e4gen.<\/p>\n\n\n\n<ul>\n<li>Scharniere<\/li>\n\n\n\n<li>Beschl\u00e4ge<\/li>\n\n\n\n<li>Holzverbinder<\/li>\n\n\n\n<li>Winkel<\/li>\n\n\n\n<li>Halter<\/li>\n\n\n\n<li>Konsolen<\/li>\n\n\n\n<li>Regaltr\u00e4ger<\/li>\n\n\n\n<li>Edelstahl\/Rostfrei Programm<\/li>\n\n\n\n<li>Ketten, Seile<\/li>\n\n\n\n<li>u.a.<\/li>\n<\/ul>\n","protected":false},"excerpt":{"rendered":"<p>Wir f\u00fchren ein breit gef\u00e4chertes Sortiment an Eisenwaren und Beschl\u00e4gen.<\/p>\n","protected":false},"author":1,"featured_media":0,"parent":0,"menu_order":0,"comment_status":"closed","ping_status":"closed","template":"tw-no-title.php","meta":{"footnotes":""},"_links":{"self":[{"href":"https:\/\/www.lesch24.de\/web\/wp-json\/wp\/v2\/pages\/537"}],"collection":[{"href":"https:\/\/www.lesch24.de\/web\/wp-json\/wp\/v2\/pages"}],"about":[{"href":"https:\/\/www.lesch24.de\/web\/wp-json\/wp\/v2\/types\/page"}],"author":[{"embeddable":true,"href":"https:\/\/www.lesch24.de\/web\/wp-json\/wp\/v2\/users\/1"}],"replies":[{"embeddable":true,"href":"https:\/\/www.lesch24.de\/web\/wp-json\/wp\/v2\/comments?post=537"}],"version-history":[{"count":5,"href":"https:\/\/www.lesch24.de\/web\/wp-json\/wp\/v2\/pages\/537\/revisions"}],"predecessor-version":[{"id":1055,"href":"https:\/\/www.lesch24.de\/web\/wp-json\/wp\/v2\/pages\/537\/revisions\/1055"}],"wp:attachment":[{"href":"https:\/\/www.lesch24.de\/web\/wp-json\/wp\/v2\/media?parent=537"}],"curies":[{"name":"wp","href":"https:\/\/api.w.org\/{rel}","templated":true}]}}