{"id":5,"date":"2021-11-15T17:22:39","date_gmt":"2021-11-15T16:22:39","guid":{"rendered":"https:\/\/www.lesch24.de\/web\/?page_id=5"},"modified":"2026-03-28T12:12:39","modified_gmt":"2026-03-28T11:12:39","slug":"gestalte-deine-website-mit-bloecken","status":"publish","type":"page","link":"https:\/\/www.lesch24.de\/web\/","title":{"rendered":"Herzlich Willkommen"},"content":{"rendered":"\n<div class=\"wp-block-cover alignfull is-style-default\"><span aria-hidden=\"true\" class=\"wp-block-cover__background has-gray-background-color has-background-dim-60 has-background-dim\"><\/span><img loading=\"lazy\" decoding=\"async\" width=\"1500\" height=\"844\" class=\"wp-block-cover__image-background wp-image-1249\" alt=\"\" src=\"https:\/\/www.lesch24.de\/web\/wp-content\/uploads\/2024\/10\/Team-2024-3-Kopie.jpg-offizel.jpg-oben-3.jpg\" style=\"object-position:50% 22%\" data-object-fit=\"cover\" data-object-position=\"50% 22%\" sizes=\"(max-width: 799px) 200vw,(max-width: 1500px) 100vw,1500px\" srcset=\"https:\/\/www.lesch24.de\/web\/wp-content\/uploads\/2024\/10\/Team-2024-3-Kopie.jpg-offizel.jpg-oben-3.jpg 1500w, https:\/\/www.lesch24.de\/web\/wp-content\/uploads\/2024\/10\/Team-2024-3-Kopie.jpg-offizel.jpg-oben-3-300x169.jpg 300w, https:\/\/www.lesch24.de\/web\/wp-content\/uploads\/2024\/10\/Team-2024-3-Kopie.jpg-offizel.jpg-oben-3-1024x576.jpg 1024w, https:\/\/www.lesch24.de\/web\/wp-content\/uploads\/2024\/10\/Team-2024-3-Kopie.jpg-offizel.jpg-oben-3-768x432.jpg 768w\" \/><div class=\"wp-block-cover__inner-container is-layout-flow wp-block-cover-is-layout-flow\">\n<h2 class=\"wp-block-heading alignwide has-text-align-left has-text-color has-huge-font-size\" style=\"color:#ffe074\">Aktuelles<\/h2>\n\n\n\n<div class=\"wp-block-columns is-style-twentytwentyone-columns-overlap is-layout-flex wp-container-core-columns-is-layout-2 wp-block-columns-is-layout-flex\">\n<div class=\"wp-block-column is-layout-flow wp-block-column-is-layout-flow\" style=\"--col-width:100%;flex-basis:100%\">\n<div class=\"wp-block-columns is-layout-flex wp-container-core-columns-is-layout-1 wp-block-columns-is-layout-flex\">\n<div class=\"wp-block-column is-layout-flow wp-block-column-is-layout-flow\" style=\"--col-width:100%;--col-width:100%;flex-basis:100%\">\n<p class=\"has-text-align-left has-text-color has-link-color wp-elements-ae94a4710c4b20524794561eb0b4a5ed\" style=\"color:#00f299;font-size:42px\"><strong><a href=\"https:\/\/www.bauvista.digital\/gartenideen\/gartenideen_2026\/lesch\/index.html#p=1\" data-type=\"link\" data-id=\"https:\/\/www.bauvista.digital\/gartenideen\/gartenideen_2026\/lesch\/index.html#p=1\">Garten Ideen 2026 &gt;&gt;hier&lt;&lt;<\/a><\/strong><\/p>\n\n\n\n<p class=\"has-text-align-left\"><strong>Energieberater <a href=\"https:\/\/www.bauvista-fachmagazin.de\/energieberater\/lesch\/energieberater.html#p=1\" target=\"_blank\" rel=\"noreferrer noopener\">&gt;&gt;hier&lt;&lt;<\/a><\/strong><\/p>\n\n\n\n<h1 class=\"wp-block-heading has-text-align-left has-text-color has-link-color wp-elements-724ef7b21e99b3b15cc6089508253b68\" style=\"color:#fdc200;font-size:40px\"><strong>Fertigbeton aus unserer Betontankstelle<\/strong> ab 150 ltr.<\/h1>\n\n\n\n<h1 class=\"wp-block-heading has-text-align-center\" style=\"font-size:27px\"><em><strong>&#8222;<em><strong>Damit Ihr Bauprojekt auf festen F\u00fc\u00dfen steht<\/strong><\/em>&#8222;<\/strong><\/em><\/h1>\n\n\n\n<p class=\"has-large-font-size\"><strong>\u00d6ffnungszeiten ab 30.03.2026<\/strong><\/p>\n\n\n\n<p><strong>Montag bis Freitag von 7:00 bis 17.00 Uhr<\/strong><\/p>\n\n\n\n<p><strong>Samstag von 7:00 bis 13:00 Uhr<\/strong><\/p>\n<\/div>\n<\/div>\n\n\n\n<div class=\"wp-block-buttons is-layout-flex wp-block-buttons-is-layout-flex\">\n<div class=\"wp-block-button\"><a class=\"wp-block-button__link has-background wp-element-button\" href=\"https:\/\/www.lesch24.de\/web\/aktuelles\/\" style=\"background-color:#e2001a\">mehr erfahren<\/a><\/div>\n<\/div>\n\n\n\n<p class=\"has-text-color\" style=\"color:#ffe074\">Heiz\u00f6l im Saarland &#8211; Raimund Lesch KG<\/p>\n<\/div>\n<\/div>\n<\/div><\/div>\n\n\n\n<p><\/p>\n\n\n\n<div class=\"wp-block-cover alignfull is-light is-style-default\" style=\"min-height:800px;aspect-ratio:unset;\"><span aria-hidden=\"true\" class=\"wp-block-cover__background has-background-dim-60 has-background-dim\" style=\"background-color:#928266\"><\/span><img loading=\"lazy\" decoding=\"async\" width=\"2363\" height=\"1575\" class=\"wp-block-cover__image-background wp-image-1207\" alt=\"\" src=\"https:\/\/www.lesch24.de\/web\/wp-content\/uploads\/2024\/05\/Tankwagen.jpg\" data-object-fit=\"cover\" sizes=\"(max-width: 799px) 200vw,(max-width: 2363px) 100vw,2363px\" srcset=\"https:\/\/www.lesch24.de\/web\/wp-content\/uploads\/2024\/05\/Tankwagen.jpg 2363w, https:\/\/www.lesch24.de\/web\/wp-content\/uploads\/2024\/05\/Tankwagen-300x200.jpg 300w, https:\/\/www.lesch24.de\/web\/wp-content\/uploads\/2024\/05\/Tankwagen-1024x683.jpg 1024w, https:\/\/www.lesch24.de\/web\/wp-content\/uploads\/2024\/05\/Tankwagen-768x512.jpg 768w, https:\/\/www.lesch24.de\/web\/wp-content\/uploads\/2024\/05\/Tankwagen-1536x1024.jpg 1536w, https:\/\/www.lesch24.de\/web\/wp-content\/uploads\/2024\/05\/Tankwagen-2048x1365.jpg 2048w, https:\/\/www.lesch24.de\/web\/wp-content\/uploads\/2024\/05\/Tankwagen-1568x1045.jpg 1568w\" \/><div class=\"wp-block-cover__inner-container is-layout-flow wp-block-cover-is-layout-flow\">\n<h2 class=\"wp-block-heading alignwide has-text-align-left has-text-color has-huge-font-size\" style=\"color:#ffe074\"><strong>Heiz\u00f6l<\/strong><\/h2>\n\n\n\n<div class=\"wp-block-columns is-style-twentytwentyone-columns-overlap is-layout-flex wp-container-core-columns-is-layout-4 wp-block-columns-is-layout-flex\">\n<div class=\"wp-block-column is-layout-flow wp-block-column-is-layout-flow\" style=\"--col-width:100%;flex-basis:100%\">\n<div class=\"wp-block-columns is-layout-flex wp-container-core-columns-is-layout-3 wp-block-columns-is-layout-flex\">\n<div class=\"wp-block-column is-layout-flow wp-block-column-is-layout-flow\" style=\"--col-width:100%;--col-width:100%;flex-basis:100%\">\n<h2 class=\"wp-block-heading\">Aktuelle Heiz\u00f6lpreise und ihre Entwicklung<\/h2>\n<\/div>\n<\/div>\n\n\n\n<p class=\"has-extra-small-font-size\"><strong>Unser Preisangebot beinhaltet folgenden Service:<\/strong><br>\u00b7 &nbsp; &nbsp; &nbsp; &nbsp; Individuelle Terminvereinbarung<br>\u00b7 &nbsp; &nbsp; &nbsp; &nbsp; Verk\u00fcrzte Lieferzeit<br>\u00b7 &nbsp; &nbsp; &nbsp; &nbsp; Tankwagengr\u00f6\u00dfe inkl. kleinem TKW &nbsp;(Gr\u00f6\u00dfen siehe <a href=\"https:\/\/www.lesch24.de\/heizoel\/\">&gt;hier&lt;<\/a>)<br>\u00b7 &nbsp; &nbsp; &nbsp; &nbsp; Schlauchl\u00e4nge bis max.40m<br><br><\/p>\n\n\n\n<div class=\"wp-block-buttons is-layout-flex wp-block-buttons-is-layout-flex\">\n<div class=\"wp-block-button\"><a class=\"wp-block-button__link has-background wp-element-button\" href=\"https:\/\/www.lesch24.de\/heizoelpreise\" style=\"background-color:#e2001a\" target=\"_blank\" rel=\"noreferrer noopener\">mehr erfahren<\/a><\/div>\n<\/div>\n\n\n\n<p class=\"has-text-color\" style=\"color:#ffe074\">Heiz\u00f6l im Saarland &#8211; Raimund Lesch KG<\/p>\n<\/div>\n<\/div>\n<\/div><\/div>\n\n\n\n<div class=\"wp-block-media-text is-vertically-aligned-center\"><figure class=\"wp-block-media-text__media\"><img loading=\"lazy\" decoding=\"async\" width=\"250\" height=\"101\" src=\"https:\/\/www.lesch24.de\/web\/wp-content\/uploads\/2021\/11\/logo.png\" alt=\"\" class=\"wp-image-10 size-full\"\/><\/figure><div class=\"wp-block-media-text__content\">\n<h3 class=\"wp-block-heading has-text-align-center has-text-color\" style=\"color:#000000\"><strong><strong><em>Heiz\u00f6l<\/em><\/strong><\/strong><\/h3>\n\n\n\n<p class=\"has-text-align-center has-extra-small-font-size\"><a href=\"https:\/\/www.lesch24.de\/web\/?page_id=329\" data-type=\"page\" data-id=\"329\">mehr erfahren<\/a> \u2197<\/p>\n<\/div><\/div>\n\n\n\n<div class=\"wp-block-cover alignfull is-style-default\" style=\"min-height:800px;aspect-ratio:unset;\"><span aria-hidden=\"true\" class=\"wp-block-cover__background has-background-dim-60 has-background-dim\"><\/span><img loading=\"lazy\" decoding=\"async\" width=\"1920\" height=\"1280\" class=\"wp-block-cover__image-background wp-image-301\" alt=\"\" src=\"https:\/\/www.lesch24.de\/web\/wp-content\/uploads\/2021\/11\/hochbau.jpg\" data-object-fit=\"cover\" sizes=\"(max-width: 799px) 200vw,(max-width: 1920px) 100vw,1920px\" srcset=\"https:\/\/www.lesch24.de\/web\/wp-content\/uploads\/2021\/11\/hochbau.jpg 1920w, https:\/\/www.lesch24.de\/web\/wp-content\/uploads\/2021\/11\/hochbau-600x400.jpg 600w, https:\/\/www.lesch24.de\/web\/wp-content\/uploads\/2021\/11\/hochbau-300x200.jpg 300w, https:\/\/www.lesch24.de\/web\/wp-content\/uploads\/2021\/11\/hochbau-1024x683.jpg 1024w, https:\/\/www.lesch24.de\/web\/wp-content\/uploads\/2021\/11\/hochbau-768x512.jpg 768w, https:\/\/www.lesch24.de\/web\/wp-content\/uploads\/2021\/11\/hochbau-1536x1024.jpg 1536w, https:\/\/www.lesch24.de\/web\/wp-content\/uploads\/2021\/11\/hochbau-1568x1045.jpg 1568w\" \/><div class=\"wp-block-cover__inner-container is-layout-flow wp-block-cover-is-layout-flow\">\n<h2 class=\"wp-block-heading alignwide has-text-align-left has-text-color has-huge-font-size\" style=\"color:#ffe074\"><strong>Baustoffe<\/strong><\/h2>\n\n\n\n<div class=\"wp-block-columns is-style-twentytwentyone-columns-overlap is-layout-flex wp-container-core-columns-is-layout-6 wp-block-columns-is-layout-flex\">\n<div class=\"wp-block-column is-layout-flow wp-block-column-is-layout-flow\" style=\"--col-width:100%;flex-basis:100%\">\n<div class=\"wp-block-columns is-layout-flex wp-container-core-columns-is-layout-5 wp-block-columns-is-layout-flex\">\n<div class=\"wp-block-column is-layout-flow wp-block-column-is-layout-flow\" style=\"--col-width:100%;--col-width:100%;flex-basis:100%\">\n<h2 class=\"wp-block-heading\">Eine riesige Auswahl an Baustoffen und ein starker Lieferservice<\/h2>\n\n\n\n<p class=\"has-text-color has-link-color wp-elements-527b9c91f74999b889ef81307ed7012a\" style=\"color:#06f39c\"><strong>Energieberater<\/strong> <strong> <a href=\"https:\/\/www.bauvista-fachmagazin.de\/energieberater\/lesch\/energieberater.html#p=1\" target=\"_blank\" rel=\"noreferrer noopener\">&gt;&gt;hier&lt;&lt;<\/a><\/strong><\/p>\n<\/div>\n<\/div>\n\n\n\n<div class=\"wp-block-buttons is-layout-flex wp-block-buttons-is-layout-flex\">\n<div class=\"wp-block-button\"><a class=\"wp-block-button__link has-background wp-element-button\" href=\"https:\/\/www.lesch24.de\/web\/?page_id=242\" style=\"background-color:#e2001a\">mehr erfahren<\/a><\/div>\n<\/div>\n\n\n\n<p class=\"has-text-color\" style=\"color:#ffe074\">Baustoffe im Saarland &#8211; Raimund Lesch KG<\/p>\n<\/div>\n<\/div>\n<\/div><\/div>\n\n\n\n<div class=\"wp-block-media-text is-vertically-aligned-center\"><figure class=\"wp-block-media-text__media\"><img loading=\"lazy\" decoding=\"async\" width=\"250\" height=\"101\" src=\"https:\/\/www.lesch24.de\/web\/wp-content\/uploads\/2021\/11\/logo_baustoffe.png\" alt=\"\" class=\"wp-image-104 size-full\"\/><\/figure><div class=\"wp-block-media-text__content\">\n<h3 class=\"wp-block-heading has-text-align-center has-text-color\" style=\"color:#000000\"><strong><strong><em>Baustoffe<\/em><\/strong><\/strong><\/h3>\n\n\n\n<p class=\"has-text-align-center has-extra-small-font-size\"><a href=\"https:\/\/www.lesch24.de\/web\/?page_id=242\" data-type=\"page\" data-id=\"242\">mehr erfahren \u2197<\/a><\/p>\n<\/div><\/div>\n\n\n\n<div class=\"wp-block-cover alignfull is-style-default\" style=\"min-height:800px;aspect-ratio:unset;\"><span aria-hidden=\"true\" class=\"wp-block-cover__background has-background-dim-60 has-background-dim\"><\/span><img loading=\"lazy\" decoding=\"async\" width=\"985\" height=\"657\" class=\"wp-block-cover__image-background wp-image-439\" alt=\"\" src=\"https:\/\/www.lesch24.de\/web\/wp-content\/uploads\/2022\/10\/Lesch-KG-Digisolution.jpg\" data-object-fit=\"cover\" sizes=\"(max-width: 799px) 200vw,(max-width: 985px) 100vw,985px\" srcset=\"https:\/\/www.lesch24.de\/web\/wp-content\/uploads\/2022\/10\/Lesch-KG-Digisolution.jpg 985w, https:\/\/www.lesch24.de\/web\/wp-content\/uploads\/2022\/10\/Lesch-KG-Digisolution-600x400.jpg 600w, https:\/\/www.lesch24.de\/web\/wp-content\/uploads\/2022\/10\/Lesch-KG-Digisolution-300x200.jpg 300w, https:\/\/www.lesch24.de\/web\/wp-content\/uploads\/2022\/10\/Lesch-KG-Digisolution-768x512.jpg 768w\" \/><div class=\"wp-block-cover__inner-container is-layout-flow wp-block-cover-is-layout-flow\">\n<h2 class=\"wp-block-heading alignwide has-text-align-left has-text-color has-huge-font-size\" style=\"color:#ffe074\"><strong>Digisolution<\/strong><\/h2>\n\n\n\n<div class=\"wp-block-columns is-style-twentytwentyone-columns-overlap is-layout-flex wp-container-core-columns-is-layout-8 wp-block-columns-is-layout-flex\">\n<div class=\"wp-block-column is-layout-flow wp-block-column-is-layout-flow\" style=\"--col-width:100%;flex-basis:100%\">\n<div class=\"wp-block-columns is-layout-flex wp-container-core-columns-is-layout-7 wp-block-columns-is-layout-flex\">\n<div class=\"wp-block-column is-layout-flow wp-block-column-is-layout-flow\" style=\"--col-width:100%;--col-width:100%;flex-basis:100%\">\n<h2 class=\"wp-block-heading\">Vorher sehen, wie es sp\u00e4ter aussieht!<\/h2>\n<\/div>\n<\/div>\n\n\n\n<div class=\"wp-block-buttons is-layout-flex wp-block-buttons-is-layout-flex\">\n<div class=\"wp-block-button\"><a class=\"wp-block-button__link has-background wp-element-button\" href=\"https:\/\/www.lesch24.de\/web\/?page_id=438\" style=\"background-color:#e2001a\">mehr erfahren<\/a><\/div>\n<\/div>\n\n\n\n<p class=\"has-text-color\" style=\"color:#ffe074\">Gartenbau im Saarland &#8211; Raimund Lesch KG<\/p>\n<\/div>\n<\/div>\n<\/div><\/div>\n\n\n\n<p><\/p>\n\n\n\n<div class=\"wp-block-cover alignfull is-light has-parallax\" style=\"min-height:100vh;aspect-ratio:unset;\"><span aria-hidden=\"true\" class=\"wp-block-cover__background has-background-dim-40 has-background-dim\" style=\"background-color:#000000\"><\/span><div class=\"wp-block-cover__image-background wp-image-947 has-parallax\" style=\"background-position:50% 50%;background-image:url(https:\/\/www.lesch24.de\/web\/wp-content\/uploads\/2023\/01\/Raimund-Lesch-Team-2020_.jpg)\"><\/div><div class=\"wp-block-cover__inner-container is-layout-flow wp-block-cover-is-layout-flow\">\n<h2 class=\"wp-block-heading alignwide has-white-color has-text-color\" style=\"font-size:48px;line-height:1.2\"><strong><em>Tradition und Geschichte:<\/em><\/strong><br><strong><em>1937 bis heute<\/em><\/strong><\/h2>\n\n\n\n<div class=\"wp-block-columns alignwide is-layout-flex wp-container-core-columns-is-layout-9 wp-block-columns-is-layout-flex\">\n<div class=\"wp-block-column is-layout-flow wp-block-column-is-layout-flow\" style=\"--col-width:60%;flex-basis:60%\">\n<p class=\"has-text-color\" style=\"color:#ffffff\">Raimund Lesch KG &#8211; Tradition im Illtal Raimund Lesch KG &#8211; Ihr zuverl\u00e4ssiger Partner seit \u00fcber 70 Jahren. Egal ob Baustoffe, Heiz\u00f6l oder Containerdienste: alles f\u00fcr Haus, Hof und Garten aus einer Hand und das schon seit 1937.<\/p>\n\n\n\n<div class=\"wp-block-buttons is-layout-flex wp-block-buttons-is-layout-flex\">\n<div class=\"wp-block-button is-style-outline\"><a class=\"wp-block-button__link has-text-color has-background no-border-radius wp-element-button\" href=\"https:\/\/www.lesch24.de\/web\/?page_id=558\" style=\"color:#ffffff;background-color:#000000\">Mehr erfahren<\/a><\/div>\n<\/div>\n<\/div>\n\n\n\n<div class=\"wp-block-column is-layout-flow wp-block-column-is-layout-flow\"><\/div>\n<\/div>\n<\/div><\/div>\n\n\n\n<h2 class=\"wp-block-heading\">Lesch KG &#8211; Ihr Partner von der Planung bis zur Umsetzung<\/h2>\n\n\n\n<p>Herzlich willkomen bei Ihrem Team der Raimund Lesch KG, Ihr zuverl\u00e4ssiger Partner seit \u00fcber 80 Jahren. Egal ob Baustoffe, Heiz\u00f6l, Erdgas, Containerdienste oder als Bauunternehmen, alles aus einer Hand&nbsp;f\u00fcr Haus, Hof und den eigenen Garten. <\/p>\n\n\n\n<p>Das Sortiment in unserem Baufachmarkt h\u00e4lt zudem eine gro\u00dfe Auswahl f\u00fcr Sie bereit.<\/p>\n\n\n\n<p>Egal, welches Vorhaben Sie in Ihrer Wohlf\u00fchloase planen, unsere Experten stehen Ihnen von der Planung bis zur Umsetzung&nbsp;mit Rat und Tat zur Seite.<\/p>\n\n\n\n<p>Ob bei grunds\u00e4tzlichen Fragen im Vorfeld der Ma\u00dfnahme, bei der Auswahl der geeigneten Materialien oder&nbsp;bei praktischen Hilfestellungen.<\/p>\n\n\n\n<p>Profitieren Sie von den Tipps &amp; Tricks aus \u00fcber 80 Jahren Erfahrung. Unser gesamtes Team steht Ihnen hierbei gerne zur Seite. Sie erreichen uns nach wie vor \u00fcber alle Kan\u00e4le:<\/p>\n\n\n\n<p>Telefon:&nbsp;06825 2372<\/p>\n\n\n\n<p>Mobil:&nbsp; 0175 5504160&nbsp;<\/p>\n\n\n\n<p>E-Mail: info@lesch24.de<\/p>\n\n\n\n<p><strong>Ihr Team der Raimund Lesch KG<\/strong><\/p>\n","protected":false},"excerpt":{"rendered":"<p>Heiz\u00f6l mehr erfahren \u2197 Baustoffe mehr erfahren \u2197 Lesch KG &#8211; Ihr Partner von der Planung bis zur Umsetzung Herzlich willkomen bei Ihrem Team der Raimund Lesch KG, Ihr zuverl\u00e4ssiger Partner seit \u00fcber 80 Jahren. Egal ob Baustoffe, Heiz\u00f6l, Erdgas, Containerdienste oder als Bauunternehmen, alles aus einer Hand&nbsp;f\u00fcr Haus, Hof und den eigenen Garten. Das&hellip; <a class=\"more-link\" href=\"https:\/\/www.lesch24.de\/web\/\"><span class=\"screen-reader-text\">Herzlich Willkommen<\/span> weiterlesen<\/a><\/p>\n","protected":false},"author":1,"featured_media":0,"parent":0,"menu_order":0,"comment_status":"closed","ping_status":"closed","template":"","meta":{"footnotes":""},"_links":{"self":[{"href":"https:\/\/www.lesch24.de\/web\/wp-json\/wp\/v2\/pages\/5"}],"collection":[{"href":"https:\/\/www.lesch24.de\/web\/wp-json\/wp\/v2\/pages"}],"about":[{"href":"https:\/\/www.lesch24.de\/web\/wp-json\/wp\/v2\/types\/page"}],"author":[{"embeddable":true,"href":"https:\/\/www.lesch24.de\/web\/wp-json\/wp\/v2\/users\/1"}],"replies":[{"embeddable":true,"href":"https:\/\/www.lesch24.de\/web\/wp-json\/wp\/v2\/comments?post=5"}],"version-history":[{"count":164,"href":"https:\/\/www.lesch24.de\/web\/wp-json\/wp\/v2\/pages\/5\/revisions"}],"predecessor-version":[{"id":1384,"href":"https:\/\/www.lesch24.de\/web\/wp-json\/wp\/v2\/pages\/5\/revisions\/1384"}],"wp:attachment":[{"href":"https:\/\/www.lesch24.de\/web\/wp-json\/wp\/v2\/media?parent=5"}],"curies":[{"name":"wp","href":"https:\/\/api.w.org\/{rel}","templated":true}]}}