{"id":431,"date":"2022-10-04T11:15:44","date_gmt":"2022-10-04T09:15:44","guid":{"rendered":"https:\/\/www.lesch24.de\/web\/?page_id=431"},"modified":"2026-03-13T10:04:34","modified_gmt":"2026-03-13T09:04:34","slug":"gartenbau","status":"publish","type":"page","link":"https:\/\/www.lesch24.de\/web\/gartenbau\/","title":{"rendered":"Gartenbau"},"content":{"rendered":"\n<div class=\"wp-block-cover alignfull is-style-default\" style=\"min-height:800px;aspect-ratio:unset;\"><span aria-hidden=\"true\" class=\"wp-block-cover__background has-background-dim-60 has-background-dim\"><\/span><img loading=\"lazy\" decoding=\"async\" width=\"448\" height=\"299\" class=\"wp-block-cover__image-background wp-image-478\" alt=\"\" src=\"https:\/\/www.lesch24.de\/web\/wp-content\/uploads\/2022\/10\/image-26.jpeg\" style=\"object-position:48% 83%\" data-object-fit=\"cover\" data-object-position=\"48% 83%\" sizes=\"(max-width: 799px) 200vw,(max-width: 448px) 100vw,448px\" srcset=\"https:\/\/www.lesch24.de\/web\/wp-content\/uploads\/2022\/10\/image-26.jpeg 448w, https:\/\/www.lesch24.de\/web\/wp-content\/uploads\/2022\/10\/image-26-300x200.jpeg 300w\" \/><div class=\"wp-block-cover__inner-container is-layout-flow wp-block-cover-is-layout-flow\">\n<h2 class=\"wp-block-heading alignwide has-text-align-left has-text-color has-huge-font-size\" style=\"color:#ffe074\">Gartenbau<\/h2>\n\n\n\n<div class=\"wp-block-columns is-style-twentytwentyone-columns-overlap is-layout-flex wp-container-core-columns-is-layout-2 wp-block-columns-is-layout-flex\">\n<div class=\"wp-block-column is-layout-flow wp-block-column-is-layout-flow\" style=\"--col-width:100%;flex-basis:100%\">\n<div class=\"wp-block-columns is-layout-flex wp-container-core-columns-is-layout-1 wp-block-columns-is-layout-flex\">\n<div class=\"wp-block-column is-layout-flow wp-block-column-is-layout-flow\" style=\"--col-width:100%;--col-width:100%;flex-basis:100%\">\n<h2 class=\"wp-block-heading\">Unser Planungsservice f\u00fcr den perfekten Garten<\/h2>\n\n\n\n<p><strong>Garten Ideen<\/strong>&nbsp;<strong>2025&nbsp;<a href=\"http:\/\/bauvista.digital\/gartenideen\/gartenideen_2025\/lesch\/index.html\" target=\"_blank\" rel=\"noreferrer noopener\">&gt;&gt;hier&lt;&lt;<\/a><\/strong><\/p>\n<\/div>\n<\/div>\n\n\n\n<p class=\"has-text-color\" style=\"color:#ffe074\">Gartenbau im Saarland &#8211; Raimund Lesch KG<\/p>\n<\/div>\n<\/div>\n<\/div><\/div>\n\n\n\n<p>Bei uns liegt Ihr Projekt in guten H\u00e4nden! Von der Baustofflieferung bis zur Fertigstellung umfasst unser Service s\u00e4mtliche Projektabschnitte. Die W\u00fcnsche unserer Kunden sind uns dabei wichtig. Eine individuelle Beratung vor Ort mit Vorschl\u00e4gen zur Gestaltung Ihres Projekts sind selbstverst\u00e4ndlich.<\/p>\n\n\n\n<h2 class=\"wp-block-heading\">Gartenbau &#8211; Gartengestaltung &#8211; Planungsservice&nbsp;<\/h2>\n\n\n\n<p>Durch unseren umfangreichen Fuhr- und Maschinenpark und professionelles Personal k\u00f6nnen wir Sie in Sachen Gartenbau oder Gartengestaltung von der Entsorgung der Erdmassen und eventueller Abbrucharbeiten \u00fcber die Anlieferung der neuen Produkte, bis zur Fertigstellung rundum versorgen und betreuen. Die richtige Planung erleichtert die Arbeit und spart unn\u00f6tige Kosten. Wir beraten Sie gerne.<\/p>\n\n\n\n<p><strong>Das bieten wir Ihnen:<\/strong><\/p>\n\n\n\n<ul>\n<li>Gartengestaltung<\/li>\n\n\n\n<li>Verbundsteinarbeiten<\/li>\n\n\n\n<li>Natursteinarbeiten<\/li>\n\n\n\n<li>Trocken- &amp;&nbsp;St\u00fctzmauer-Systeme<\/li>\n\n\n\n<li>Erdarbeiten<\/li>\n\n\n\n<li>Kellertrockenlegungen<\/li>\n\n\n\n<li>Trockenausbau<\/li>\n\n\n\n<li>Tiefbauarbeiten<\/li>\n\n\n\n<li>Stra\u00dfenbau<\/li>\n<\/ul>\n\n\n\n<p>Online Bl\u00e4tterkatalog\u00a0\u00a0<strong><a href=\"https:\/\/www.bauvista.digital\/gartenideen\/gartenideen_2026\/lesch\/index.html#p=1\" data-type=\"link\" data-id=\"https:\/\/www.bauvista.digital\/gartenideen\/gartenideen_2026\/lesch\/index.html#p=1\"><strong>Garten Ideen<\/strong>\u00a0<strong>2026\u00a0>>hier&lt;&lt;<\/strong><\/a><\/strong><\/p>\n\n\n\n<figure class=\"wp-block-image size-large\"><img loading=\"lazy\" decoding=\"async\" width=\"1024\" height=\"1024\" src=\"https:\/\/www.lesch24.de\/web\/wp-content\/uploads\/2025\/03\/lesch_711983_social-media_creative_GI25_print_post-TEST-1024x1024.gif\" alt=\"\" class=\"wp-image-1318\" title=\"Baustoffe Verbundstein Natursteine\" srcset=\"https:\/\/www.lesch24.de\/web\/wp-content\/uploads\/2025\/03\/lesch_711983_social-media_creative_GI25_print_post-TEST-1024x1024.gif 1024w, https:\/\/www.lesch24.de\/web\/wp-content\/uploads\/2025\/03\/lesch_711983_social-media_creative_GI25_print_post-TEST-300x300.gif 300w, https:\/\/www.lesch24.de\/web\/wp-content\/uploads\/2025\/03\/lesch_711983_social-media_creative_GI25_print_post-TEST-150x150.gif 150w, https:\/\/www.lesch24.de\/web\/wp-content\/uploads\/2025\/03\/lesch_711983_social-media_creative_GI25_print_post-TEST-768x768.gif 768w, https:\/\/www.lesch24.de\/web\/wp-content\/uploads\/2025\/03\/lesch_711983_social-media_creative_GI25_print_post-TEST-1536x1536.gif 1536w, https:\/\/www.lesch24.de\/web\/wp-content\/uploads\/2025\/03\/lesch_711983_social-media_creative_GI25_print_post-TEST-2048x2048.gif 2048w, https:\/\/www.lesch24.de\/web\/wp-content\/uploads\/2025\/03\/lesch_711983_social-media_creative_GI25_print_post-TEST-1568x1568.gif 1568w\" sizes=\"(max-width: 1024px) 100vw, 1024px\" \/><\/figure>\n\n\n\n<p><a href=\"https:\/\/esser-druck.de\/gartenideen2022\/711983_lesch\/711983_lesch.html\" target=\"_blank\" rel=\"noreferrer noopener\"><\/a><\/p>\n","protected":false},"excerpt":{"rendered":"<p>Bei uns liegt Ihr Projekt in guten H\u00e4nden! Von der Baustofflieferung bis zur Fertigstellung umfasst unser Service s\u00e4mtliche Projektabschnitte. Die W\u00fcnsche unserer Kunden sind uns dabei wichtig. Eine individuelle Beratung vor Ort mit Vorschl\u00e4gen zur Gestaltung Ihres Projekts sind selbstverst\u00e4ndlich. Gartenbau &#8211; Gartengestaltung &#8211; Planungsservice&nbsp; Durch unseren umfangreichen Fuhr- und Maschinenpark und professionelles Personal k\u00f6nnen&hellip; <a class=\"more-link\" href=\"https:\/\/www.lesch24.de\/web\/gartenbau\/\"><span class=\"screen-reader-text\">Gartenbau<\/span> weiterlesen<\/a><\/p>\n","protected":false},"author":1,"featured_media":0,"parent":0,"menu_order":0,"comment_status":"closed","ping_status":"closed","template":"tw-no-title.php","meta":{"footnotes":""},"_links":{"self":[{"href":"https:\/\/www.lesch24.de\/web\/wp-json\/wp\/v2\/pages\/431"}],"collection":[{"href":"https:\/\/www.lesch24.de\/web\/wp-json\/wp\/v2\/pages"}],"about":[{"href":"https:\/\/www.lesch24.de\/web\/wp-json\/wp\/v2\/types\/page"}],"author":[{"embeddable":true,"href":"https:\/\/www.lesch24.de\/web\/wp-json\/wp\/v2\/users\/1"}],"replies":[{"embeddable":true,"href":"https:\/\/www.lesch24.de\/web\/wp-json\/wp\/v2\/comments?post=431"}],"version-history":[{"count":8,"href":"https:\/\/www.lesch24.de\/web\/wp-json\/wp\/v2\/pages\/431\/revisions"}],"predecessor-version":[{"id":1376,"href":"https:\/\/www.lesch24.de\/web\/wp-json\/wp\/v2\/pages\/431\/revisions\/1376"}],"wp:attachment":[{"href":"https:\/\/www.lesch24.de\/web\/wp-json\/wp\/v2\/media?parent=431"}],"curies":[{"name":"wp","href":"https:\/\/api.w.org\/{rel}","templated":true}]}}