{"id":353,"date":"2021-11-17T17:46:36","date_gmt":"2021-11-17T16:46:36","guid":{"rendered":"https:\/\/www.lesch24.de\/web\/?page_id=353"},"modified":"2021-11-17T17:50:09","modified_gmt":"2021-11-17T16:50:09","slug":"tankreinigung","status":"publish","type":"page","link":"https:\/\/www.lesch24.de\/web\/tankreinigung\/","title":{"rendered":"Tankreinigung"},"content":{"rendered":"\n<div class=\"wp-block-cover alignfull has-background-dim-60 has-background-dim is-style-default\" style=\"min-height:800px;aspect-ratio:unset;\"><img loading=\"lazy\" decoding=\"async\" width=\"920\" height=\"449\" class=\"wp-block-cover__image-background wp-image-32\" alt=\"\" src=\"https:\/\/www.lesch24.de\/web\/wp-content\/uploads\/2021\/11\/lesch-heizo\u0308l.jpg\" data-object-fit=\"cover\" sizes=\"(max-width: 799px) 200vw,(max-width: 920px) 100vw,920px\" srcset=\"https:\/\/www.lesch24.de\/web\/wp-content\/uploads\/2021\/11\/lesch-heizo\u0308l.jpg 920w, https:\/\/www.lesch24.de\/web\/wp-content\/uploads\/2021\/11\/lesch-heizo\u0308l-600x293.jpg 600w, https:\/\/www.lesch24.de\/web\/wp-content\/uploads\/2021\/11\/lesch-heizo\u0308l-300x146.jpg 300w, https:\/\/www.lesch24.de\/web\/wp-content\/uploads\/2021\/11\/lesch-heizo\u0308l-768x375.jpg 768w\" \/><div class=\"wp-block-cover__inner-container is-layout-flow wp-block-cover-is-layout-flow\">\n<h2 class=\"alignwide has-text-align-left has-text-color has-huge-font-size wp-block-heading\" style=\"color:#ffe074\">Tankreinigung<\/h2>\n\n\n\n<div class=\"wp-block-columns is-style-twentytwentyone-columns-overlap is-layout-flex wp-container-core-columns-is-layout-2 wp-block-columns-is-layout-flex\">\n<div class=\"wp-block-column is-layout-flow wp-block-column-is-layout-flow\" style=\"--col-width:100%;flex-basis:100%\">\n<div class=\"wp-block-columns is-layout-flex wp-container-core-columns-is-layout-1 wp-block-columns-is-layout-flex\">\n<div class=\"wp-block-column is-layout-flow wp-block-column-is-layout-flow\" style=\"--col-width:100%;--col-width:100%;flex-basis:100%\">\n<h2 class=\"wp-block-heading\">Reinigung, Demontage und Entsorgung Ihrer alten \u00d6ltanks<\/h2>\n<\/div>\n<\/div>\n\n\n\n<p class=\"has-text-color\" style=\"color:#ffe074\">Heiz\u00f6l im Saarland &#8211; Raimund Lesch KG<\/p>\n<\/div>\n<\/div>\n<\/div><\/div>\n\n\n\n<p>Ein sorgf\u00e4ltiger Umgang mit Heiz\u00f6ltanks ist ein wichtiger Bestandteil unserer Arbeit. Wir reinigen, demontieren und entsorgen Ihre alten \u00d6ltanks.<\/p>\n\n\n\n<p>Nutzen Sie unseren Service rund um das Thema Heiz\u00f6l, Tankreinigung und Entsorgung.<\/p>\n\n\n\n<h2 class=\"wp-block-heading\">Unser Heiz\u00f6l-Leistungsspektrum<s><\/s><\/h2>\n\n\n\n<ul><li>Anfahrt, Abfahrt und Baustelleneinrichtung<\/li><li>Entsorgung des Rest\u00f6lschlamms<\/li><li>Reinigung, Entgasung, Entsorgung der Tanks<\/li><li>Sp\u00fclung und Abbindung und\/oder Demontage und Entsorgung der \u00f6lf\u00fchrenden Leitungen (F\u00fcll- und Entl\u00fcftungsleitungen bis jeweils 5m)<\/li><\/ul>\n","protected":false},"excerpt":{"rendered":"<p>Ein sorgf\u00e4ltiger Umgang mit Heiz\u00f6ltanks ist ein wichtiger Bestandteil unserer Arbeit. Wir reinigen, demontieren und entsorgen Ihre alten \u00d6ltanks. Nutzen Sie unseren Service rund um das Thema Heiz\u00f6l, Tankreinigung und Entsorgung. Unser Heiz\u00f6l-Leistungsspektrum Anfahrt, Abfahrt und Baustelleneinrichtung Entsorgung des Rest\u00f6lschlamms Reinigung, Entgasung, Entsorgung der Tanks Sp\u00fclung und Abbindung und\/oder Demontage und Entsorgung der \u00f6lf\u00fchrenden Leitungen&hellip; <a class=\"more-link\" href=\"https:\/\/www.lesch24.de\/web\/tankreinigung\/\"><span class=\"screen-reader-text\">Tankreinigung<\/span> weiterlesen<\/a><\/p>\n","protected":false},"author":1,"featured_media":0,"parent":0,"menu_order":0,"comment_status":"closed","ping_status":"closed","template":"tw-no-title.php","meta":{"footnotes":""},"_links":{"self":[{"href":"https:\/\/www.lesch24.de\/web\/wp-json\/wp\/v2\/pages\/353"}],"collection":[{"href":"https:\/\/www.lesch24.de\/web\/wp-json\/wp\/v2\/pages"}],"about":[{"href":"https:\/\/www.lesch24.de\/web\/wp-json\/wp\/v2\/types\/page"}],"author":[{"embeddable":true,"href":"https:\/\/www.lesch24.de\/web\/wp-json\/wp\/v2\/users\/1"}],"replies":[{"embeddable":true,"href":"https:\/\/www.lesch24.de\/web\/wp-json\/wp\/v2\/comments?post=353"}],"version-history":[{"count":4,"href":"https:\/\/www.lesch24.de\/web\/wp-json\/wp\/v2\/pages\/353\/revisions"}],"predecessor-version":[{"id":358,"href":"https:\/\/www.lesch24.de\/web\/wp-json\/wp\/v2\/pages\/353\/revisions\/358"}],"wp:attachment":[{"href":"https:\/\/www.lesch24.de\/web\/wp-json\/wp\/v2\/media?parent=353"}],"curies":[{"name":"wp","href":"https:\/\/api.w.org\/{rel}","templated":true}]}}