{"id":310,"date":"2021-11-17T16:09:45","date_gmt":"2021-11-17T15:09:45","guid":{"rendered":"https:\/\/www.lesch24.de\/web\/?page_id=310"},"modified":"2021-11-17T16:12:28","modified_gmt":"2021-11-17T15:12:28","slug":"schuttgueter","status":"publish","type":"page","link":"https:\/\/www.lesch24.de\/web\/schuttgueter\/","title":{"rendered":"Schuttg\u00fcter"},"content":{"rendered":"\n<div class=\"wp-block-cover alignfull has-background-dim-60 has-background-dim is-style-default\" style=\"min-height:800px;aspect-ratio:unset;\"><img loading=\"lazy\" decoding=\"async\" width=\"640\" height=\"426\" class=\"wp-block-cover__image-background wp-image-312\" alt=\"\" src=\"https:\/\/www.lesch24.de\/web\/wp-content\/uploads\/2021\/11\/schuttgueter_collage_hp.jpg\" data-object-fit=\"cover\" sizes=\"(max-width: 799px) 200vw,(max-width: 640px) 100vw,640px\" srcset=\"https:\/\/www.lesch24.de\/web\/wp-content\/uploads\/2021\/11\/schuttgueter_collage_hp.jpg 640w, https:\/\/www.lesch24.de\/web\/wp-content\/uploads\/2021\/11\/schuttgueter_collage_hp-600x399.jpg 600w, https:\/\/www.lesch24.de\/web\/wp-content\/uploads\/2021\/11\/schuttgueter_collage_hp-300x200.jpg 300w\" \/><div class=\"wp-block-cover__inner-container is-layout-flow wp-block-cover-is-layout-flow\">\n<h2 class=\"alignwide has-text-align-left has-text-color has-huge-font-size wp-block-heading\" style=\"color:#ffe074\">Schuttg\u00fcter<\/h2>\n\n\n\n<div class=\"wp-block-columns is-style-twentytwentyone-columns-overlap is-layout-flex wp-container-core-columns-is-layout-2 wp-block-columns-is-layout-flex\">\n<div class=\"wp-block-column is-layout-flow wp-block-column-is-layout-flow\" style=\"--col-width:100%;flex-basis:100%\">\n<div class=\"wp-block-columns is-layout-flex wp-container-core-columns-is-layout-1 wp-block-columns-is-layout-flex\">\n<div class=\"wp-block-column is-layout-flow wp-block-column-is-layout-flow\" style=\"--col-width:100%;--col-width:100%;flex-basis:100%\">\n<h2 class=\"wp-block-heading\">Vom Sandkastensand zum Dekor-Edelsplitt<\/h2>\n\n\n\n<p><\/p>\n<\/div>\n<\/div>\n\n\n\n<p class=\"has-text-color\" style=\"color:#ffe074\">Schuttg\u00fcter im Saarland &#8211; Raimund Lesch KG<\/p>\n<\/div>\n<\/div>\n<\/div><\/div>\n\n\n\n<p>Wer Sch\u00fcttg\u00fcter h\u00f6rt, denkt wahrscheinlich zuerst an seine Kindergartenzeit und die selbstgemachten Sandkuchen zur\u00fcck. Dabei sind bei uns im Baustoffhandel viele verschiedene Sch\u00fcttg\u00fcter f\u00fcr ganz unterschiedliche Zwecke anzutreffen. Den Sand aus dem Kindergartensandkasten verwendet man am Bau zum Verf\u00fcllen oder zum Einbetten von Kanalrohren und Versorgungsleitungen. Daneben f\u00fchren wir Rheinkies in den K\u00f6rnungen von&nbsp;&nbsp;0\/2 bis 40\/80. Damit werden Verbundsteinfugen ausgekehrt, Beton angemacht oder die Kieselsteine zur Dekoration genutzt.<\/p>\n\n\n\n<h2 class=\"wp-block-heading\">Zur Verfestigung von Wegen und Fl\u00e4chen<\/h2>\n\n\n\n<p>Schotter 0\/32 verwendet man als Tragschicht vor Pflasterarbeiten oder allgemein zur Verfestigung von Wegen und Fl\u00e4chen, die sp\u00e4ter als Verkehrsfl\u00e4chen genutzt werden sollen. Eine besondere Art des Schotters ist der Drainageschotter 16\/32, der zur Erstellung einer Drainageschicht rund um Geb\u00e4ude oder Bauteile verwendet wird. Er enth\u00e4lt keine 0-Anteile wie Sand.<\/p>\n\n\n\n<h2 class=\"wp-block-heading\">Rund um den Garten<\/h2>\n\n\n\n<p>Soll der Garten hergerichtet oder aufgefrischt werden, k\u00f6nnen Sie gesiebten Oberboden oder Gartenboden bei uns bekommen. Um einfach nur das Gel\u00e4ndeniveau anzugleichen, empfehlen wir Recycling-F\u00fcllmaterial 0\/30 bis 0\/50 oder Recyclingschotter 0\/56.<\/p>\n\n\n\n<h2 class=\"wp-block-heading\">Gro\u00dfe Auswahl an Schuttg\u00fcter und Lieferservice<\/h2>\n\n\n\n<p>Eine Vielzahl verschiedener Kiese und Splitte, wie sie in Steing\u00e4rten, Vorg\u00e4rten und Anlagen oft zu sehen sind, runden das Sortiment ab. Dabei sind sowohl ansprechende, weiche Splitte, wie z.B. Kalksplitt oder Jaumontsplitt vertreten, als auch dekorative und funktionelle Hartsteinsplitte. Alle losen Sch\u00fcttg\u00fcter k\u00f6nnen Sie bei uns auch im Big-Bag beziehen. Ob lose oder verpackt, bei gr\u00f6\u00dferen Mengen steht Ihnen unser Lieferservice zur Verf\u00fcgung. Oder wollen Sie selbst abholen? Kein Problem. Eine gro\u00dfe Auswahl an Splitten bekommen Sie bei uns auch in handlichen 25kg-S\u00e4cken. Holen Sie die Ware mit dem PKW-Anh\u00e4nger ab, verladen wir selbstverst\u00e4ndlich Ihren Favoriten mit dem Radlader.<\/p>\n","protected":false},"excerpt":{"rendered":"<p>Wer Sch\u00fcttg\u00fcter h\u00f6rt, denkt wahrscheinlich zuerst an seine Kindergartenzeit und die selbstgemachten Sandkuchen zur\u00fcck. Dabei sind bei uns im Baustoffhandel viele verschiedene Sch\u00fcttg\u00fcter f\u00fcr ganz unterschiedliche Zwecke anzutreffen. Den Sand aus dem Kindergartensandkasten verwendet man am Bau zum Verf\u00fcllen oder zum Einbetten von Kanalrohren und Versorgungsleitungen. Daneben f\u00fchren wir Rheinkies in den K\u00f6rnungen von&nbsp;&nbsp;0\/2 bis&hellip; <a class=\"more-link\" href=\"https:\/\/www.lesch24.de\/web\/schuttgueter\/\"><span class=\"screen-reader-text\">Schuttg\u00fcter<\/span> weiterlesen<\/a><\/p>\n","protected":false},"author":1,"featured_media":0,"parent":0,"menu_order":0,"comment_status":"closed","ping_status":"closed","template":"tw-no-title.php","meta":{"footnotes":""},"_links":{"self":[{"href":"https:\/\/www.lesch24.de\/web\/wp-json\/wp\/v2\/pages\/310"}],"collection":[{"href":"https:\/\/www.lesch24.de\/web\/wp-json\/wp\/v2\/pages"}],"about":[{"href":"https:\/\/www.lesch24.de\/web\/wp-json\/wp\/v2\/types\/page"}],"author":[{"embeddable":true,"href":"https:\/\/www.lesch24.de\/web\/wp-json\/wp\/v2\/users\/1"}],"replies":[{"embeddable":true,"href":"https:\/\/www.lesch24.de\/web\/wp-json\/wp\/v2\/comments?post=310"}],"version-history":[{"count":4,"href":"https:\/\/www.lesch24.de\/web\/wp-json\/wp\/v2\/pages\/310\/revisions"}],"predecessor-version":[{"id":315,"href":"https:\/\/www.lesch24.de\/web\/wp-json\/wp\/v2\/pages\/310\/revisions\/315"}],"wp:attachment":[{"href":"https:\/\/www.lesch24.de\/web\/wp-json\/wp\/v2\/media?parent=310"}],"curies":[{"name":"wp","href":"https:\/\/api.w.org\/{rel}","templated":true}]}}